
495
What is the remainder when 150517 is divided by 642?
289
Calculate the remainder when 127480 is divided by 63164.
1152
Calculate the remainder when 3790169 is divided by 584.
9
What is the remainder when 16098128 is divided by 29?
25
Calculate the remainder when 2576371 is divided by 322034.
99
What is the remainder when 178107268 is divided by 174?
172
What is the remainder when 593189 is divided by 65908?
17
What is the remainder when 75006 is divided by 1281?
708
Calculate the remainder when 15579308 is divided by 354075.
8
Calculate the remainder when 5248989 is divided by 499.
8
Calculate the remainder when 3478575 is divided by 558.
3
Calculate the remainder when 5399842 is divided by 722.
4
What is the remainder when 1074937 is divided by 1074413?
524
Calculate the remainder when 203347 is divided by 904.
851
Calculate the remainder when 2070343 is divided by 218.
215
What is the remainder when 147969 is divided by 1509?
87
Calculate the remainder when 2526085 is divided by 147.
37
What is the remainder when 8219396 is divided by 488?
12
What is the remainder when 211448 is divided by 160?
88
What is the remainder when 30905415 is divided by 7878?
21
Calculate the remainder when 679480 is divided by 1190.
1180
Calculate the remainder when 29033213 is divided by 121.
110
What is the remainder when 16784515 is divided by 506?
495
Calculate the remainder when 5017561 is divided by 1672427.
280
What is the remainder when 273702 is divided by 39075?
177
Calculate the remainder when 406771 is divided by 3874.
1
Calculate the remainder when 50570 is divided by 230.
200
Calculate the remainder when 197444 is divided by 14093.
142
What is the remainder when 14662166 is divided by 116?
114
What is the remainder when 41872 is divided by 597?
82
Calculate the remainder when 37251863 is divided by 12417282.
17
Calculate the remainder when 299248 is divided by 99742.
22
What is the remainder when 354123 is divided by 16828?
735
What is the remainder when 1736735 is divided by 2100?
35
Calculate the remainder when 6553851 is divided by 463.
86
Calculate the remainder when 4737691 is divided by 47.
44
Calculate the remainder when 10238 is divided by 1817.
1153
What is the remainder when 80787 is divided by 6296?
5235
Calculate the remainder when 1621121 is divided by 45.
41
What is the remainder when 60010 is divided by 14773?
918
Calculate the remainder when 3315822 is divided by 31276.
566
What is the remainder when 1175033 is divided by 5043?
14
Calculate the remainder when 106190586 is divided by 212.
210
What is the remainder when 32754164 is divided by 650?
14
Calculate the remainder when 9142077 is divided by 332.
125
Calculate the remainder when 1966992 is divided by 6325.
6242
What is the remainder when 12243712 is divided by 345?
7
Calculate the remainder when 363914 is divided by 181324.
1266
Calculate the remainder when 2975098 is divided by 13106.
36
Calculate the remainder when 102753 is divided by 3339.
2583
What is the remainder when 223241 is divided by 5992?
1537
Calculate the remainder when 159362 is divided by 52111.
3029
Calculate the remainder when 959131 is divided by 50470.
201
What is the remainder when 302649 is divided by 46?
15
What is the remainder when 924380 is divided by 1323?
926
What is the remainder when 228366 is divided by 55826?
5062
What is the remainder when 261604860 is divided by 87201612?
24
What is the remainder when 423476 is divided by 64?
52
Calculate the remainder when 78318 is divided by 1477.
37
Calculate the remainder when 358008958 is divided by 2811.
2809
Calculate the remainder when 943195 is divided by 50.
45
Calculate the remainder when 334837 is divided by 41823.
253
What is the remainder when 2502743 is divided by 1252?
1247
Calculate the remainder when 69561 is divided by 34749.
63
Calculate the remainder when 7157308 is divided by 1431461.
3
What is the remainder when 173657 is divided by 57784?
305
What is the remainder when 706167 is divided by 45?
27
Calculate the remainder when 115318 is divided by 53.
43
What is the remainder when 3578744 is divided by 1250?
1244
What is the remainder when 1077215566 is divided by 52?
50
Calculate the remainder when 86552199 is divided by 561.
558
What is the remainder when 955884 is divided by 5?
4
What is the remainder when 575721 is divided by 237?
48
Calculate the remainder when 26891023 is divided by 119.
117
What is the remainder when 4501420 is divided by 414?
412
What is the remainder when 1017508 is divided by 2098?
2076
Calculate the remainder when 889925103 is divided by 6544.
6543
Calculate the remainder when 21915055 is divided by 11.
8
What is the remainder when 607312 is divided by 16979?
13047
What is the remainder when 2381093 is divided by 2381074?
19
What is the remainder when 64842502 is divided by 1313?
1310
Calculate the remainder when 3402801 is divided by 3396.
9
What is the remainder when 18236 is divided by 1367?
465
Calculate the remainder when 8601015 is divided by 788.
783
Calculate the remainder when 435319 is divided by 143676.
4291
Calculate the remainder when 184734485 is divided by 133094.
13
Calculate the remainder when 82718641 is divided by 57.
13
Calculate the remainder when 4675716 is divided by 209.
177
What is the remainder when 167701 is divided by 77743?
12215
Calculate the remainder when 509538563 is divided by 18.
17
Calculate the remainder when 42569386 is divided by 8110.
8106
What is the remainder when 6180211 is divided by 52?
11
What is the remainder when 702294 is divided by 78028?
42
Calculate the remainder when 28593584 is divided by 14296783.
18
Calculate the remainder when 331904 is divided by 13798.
752
Calculate the remainder when 41670190 is divided by 76.
74
Calculate the remainder when 600825 is divided by 120127.
190
Calculate the remainder when 945 is divided by 450.
45
Calculate the remainder when 7962157 is divided by 1347.
40
Calculate the remainder when 7552226 is divided by 4962.
62
Calculate the remainder when 842207 is divided by 5198.
131
Calculate the remainder when 5083956 is divided by 416.
20
What is the remainder when 71272 is divided by 21812?
5836
What is the remainder when 19886 is divided by 9232?
1422
What is the remainder when 8784411 is divided by 4390?
21
Calculate the remainder when 21544508 is divided by 10772236.
36
What is the remainder when 6084167 is divided by 117003?
11
Calculate the remainder when 20379669 is divided by 4.
1
Calculate the remainder when 10111286 is divided by 6988.
6638
Calculate the remainder when 30506637 is divided by 857.
8
What is the remainder when 9290238 is divided by 512?
510
What is the remainder when 557932 is divided by 27853?
872
What is the remainder when 27763411 is divided by 1345?
1266
Calculate the remainder when 119920 is divided by 417.
241
Calculate the remainder when 1712598 is divided by 114173.
3
Calculate the remainder when 44852351 is divided by 287.
278
Calculate the remainder when 2791835 is divided by 111673.
10
What is the remainder when 2914 is divided by 1058?
798
Calculate the remainder when 2550335 is divided by 637576.
31
What is the remainder when 1904520 is divided by 3359?
3326
Calculate the remainder when 795762 is divided by 64.
50
What is the remainder when 122251160 is divided by 304?
296
What is the remainder when 83834 is divided by 10479?
2
Calculate the remainder when 41492398 is divided by 13830797.
7
Calculate the remainder when 27221289 is divided by 37.
19
What is the remainder when 2919306 is divided by 1459652?
2
What is the remainder when 121459 is divided by 23588?
3519
What is the remainder when 427112 is divided by 112?
56
What is the remainder when 112179 is divided by 327?
18
Calculate the remainder when 217569 is divided by 3022.
3007
What is the remainder when 33448718 is divided by 16?
14
Calculate the remainder when 26011 is divided by 308.
139
Calculate the remainder when 10091276 is divided by 189.
188
What is the remainder when 317023 is divided by 24381?
70
What is the remainder when 318268 is divided by 17336?
6220
Calculate the remainder when 61285 is divided by 356.
53
What is the remainder when 2119053 is divided by 1059521?
11
Calculate the remainder when 1026552 is di